t is -1074502 + -5?
-1074507
In base 5, what is -2222 + -4440244?
-4443021
In base 16, what is 5147c8 - 5?
5147c3
In base 10, what is 6499 + -7327?
-828
In base 15, what is c - 24eb0?
-24ea3
In base 11, what is 1182 - -94a9?
a680
In base 14, what is -b1c3 - -6?
-b1bb
In base 4, what is 3110311110011 - 1?
3110311110010
In base 13, what is 6376751 - -27?
6376778
In base 12, what is -1925 - -675?
-1270
In base 9, what is 1478 - 3402?
-1813
In base 14, what is -1 - -351aad?
351aac
In base 16, what is -1383a1 - 19?
-1383ba
In base 8, what is 225 + 347475?
347722
In base 8, what is -1637 - -33565?
31726
In base 8, what is 32 - 43176123?
-43176071
In base 3, what is -2112200212 + -2010?
-2112202222
In base 15, what is 2675a - 5ee?
2615b
In base 6, what is -400514323 + -1?
-400514324
In base 15, what is 4 - -13559?
1355d
In base 11, what is 9534 + 68a0?
15324
In base 3, what is 20 - -200010122002010?
200010122002100
In base 4, what is -223 + 123221011?
123220122
In base 16, what is 18 - 21fca?
-21fb2
In base 3, what is -1002010222122201 - 120?
-1002010222200021
In base 5, what is 123 - 101314?
-101141
In base 4, what is 12111201313 + -11?
12111201302
In base 10, what is -3 + 54013714?
54013711
In base 8, what is -14512 + 6236?
-6254
In base 2, what is 110100101111 - 100001010101010011?
-100000100000100100
In base 11, what is 314 - -176960?
177174
In base 4, what is 1 - 310000032311?
-310000032310
In base 15, what is -12795 + -250?
-129e5
In base 16, what is 12685 - -18f?
12814
In base 6, what is 10151122 - -135?
10151301
In base 14, what is -7d8 - 2d8a5?
-3029d
In base 4, what is -112023 + 2300333?
2122310
In base 10, what is -26 + -944362?
-944388
In base 7, what is -6153 + -61141?
-100324
In base 12, what is -66451b - 200?
-66471b
In base 8, what is -1612025 + 110?
-1611715
In base 6, what is -10 - 1504123112?
-1504123122
In base 15, what is a + -18dec7?
-18debc
In base 7, what is -6264 + -102503?
-112100
In base 7, what is -1562103 - -115?
-1561655
In base 4, what is -20310121022132 + -11?
-20310121022203
In base 14, what is -ab - -21da9?
21cdc
In base 15, what is -29 - -55591?
55567
In base 9, what is -366 - 1264368?
-1264745
In base 15, what is 114 - -4423c?
44351
In base 3, what is -22220001022211 + 12?
-22220001022122
In base 11, what is a - 70131?
-70122
In base 14, what is -65c0627 + 1?
-65c0626
In base 12, what is -5 + 6a142a?
6a1425
In base 4, what is -23200121 - 31203?
-23231330
In base 13, what is -5109b36 - -2?
-5109b34
In base 9, what is 3126263 - -11?
3126274
In base 4, what is 21 - -10310232121?
10310232202
In base 4, what is -111311000 + -2131?
-111313131
In base 4, what is 1323232100310 - 3?
1323232100301
In base 6, what is 3534451005 - -3?
3534451012
In base 15, what is -57 - -c8d93a?
c8d8d3
In base 10, what is 6525328 - -16?
6525344
In base 2, what is 1100000111000 + 111110000?
1101000101000
In base 9, what is -212224316 + 3?
-212224313
In base 11, what is -2164 - 62441?
-645a5
In base 16, what is -19fa5 - -6f?
-19f36
In base 15, what is -1205c6d - -1?
-1205c6c
In base 10, what is -705 + -26544?
-27249
In base 3, what is 100121211 + -1002220?
22111221
In base 16, what is -9459 - -223?
-9236
In base 13, what is -2884b563 + -9?
-2884b56c
In base 6, what is 14215 - 2304002?
-2245343
In base 16, what is -305 + -f93?
-1298
In base 16, what is -19c26 - 23b?
-19e61
In base 12, what is 21a80b864 - 1?
21a80b863
In base 6, what is -3221 + -101232002?
-101235223
In base 9, what is 2 - -4842578?
4842581
In base 5, what is 104203 + -4342?
44311
In base 4, what is -332113322 + -2213?
-332122201
In base 13, what is 5 - -3b05c78?
3b05c80
In base 15, what is ae + 1489?
1548
In base 14, what is -2 - 140653?
-140655
In base 12, what is 180 - -42534?
426b4
In base 5, what is -214200 + -432134?
-1201334
In base 5, what is 113 - -143024213?
143024331
In base 14, what is 96 + d9b3?
da69
In base 13, what is 1043bc6 - 3?
1043bc3
In base 5, what is 13213 - 1102344?
-1034131
In base 13, what is 28 + -3a80?
-3a55
In base 7, what is 113664 + -15555?
65106
In base 13, what is -c2 - -1981ca?
198108
In base 9, what is 111 - 445202?
-445081
In base 6, what is -1235145401 + 5?
-1235145352
In base 8, what is 5 - -41635775?
41636002
In base 4, what is 1 + -203111310323?
-203111310322
In base 7, what is -43 + -222535?
-222611
In base 6, what is -124 - -534224?
534100
In base 4, what is 120103023 + -13213?
120023210
In base 15, what is -78 - b5b?
-bd4
In base 9, what is 2354427 - 11?
2354416
In base 5, what is -41323200003 - -2?
-41323200001
In base 15, what is 1731322 - 15?
173130c
In base 2, what is -10000100101000101110 - 100101?
-10000100101001010011
In base 3, what is 111202210220 - -12222?
111210000212
In base 4, what is 2 + -22203200100002?
-22203200100000
In base 9, what is -4 - -34801660?
34801655
In base 12, what is 0 + a34190?
a34190
In base 5, what is -23 - -1441333404?
1441333331
In base 16, what is -d1c - 21a?
-f36
In base 10, what is 23831419 - 0?
23831419
In base 4, what is -103 + 2333233031?
2333232322
In base 11, what is -85 - 534a8?
-53582
In base 7, what is -1132 - 421051?
-422213
In base 16, what is 1 + -55b0286?
-55b0285
In base 11, what is -a8902 - -1382?
-a7530
In base 8, what is -2654 - 16751?
-21625
In base 9, what is 154 + -1035526?
-1035362
In base 3, what is 1 - -10221121220002210?
10221121220002211
In base 9, what is 22385 + 46?
22442
In base 10, what is -6 + 991455?
991449
In base 8, what is -501 - -1727015?
1726314
In base 3, what is 2112221 + 2010011?
11200002
In base 6, what is 1012 - 5443300?
-5442244
In base 6, what is -12 - 223120204?
-223120220
In base 2, what is 10001111110 + 1000001011101001?
1000011101100111
In base 16, what is 1a6a435 + -2?
1a6a433
In base 12, what is -b - 14a9815?
-14a9824
In base 2, what is -100100 - -11000001111010010100000?
11000001111010001111100
In base 13, what is -377a39 - 3?
-377a3c
In base 9, what is 4 - 162424875?
-162424871
In base 14, what is 15 + 56733b?
567352
In base 6, what is 5 - -1021512330?
1021512335
In base 4, what is 21101 + 100233?
122000
In base 11, what is 22147 + 466?
22602
In base 2, what is 101100100000001010011010 - 10010?
101100100000001010001000
In base 15, what is -b - 10a662?
-10a66d
In base 10, what is 24669 + -348?
24321
In base 9, what is -34 - 650434?
-650468
In base 3, what is 10020011 + 111210120?
122000201
In base 3, what is 2000010222 + 102122200?
2102210122
In base 4, what is -10210220032 - -1212?
-10210212220
In base 11, what is -243998 + -1a?
-243a07
In base 7, what is -13 + -3433004?
-3433020
In base 7, what is 2 + -160334024?
-160334022
In base 8, what is 1277 - 5273?
-3774
In base 8, what is 1730250 - 74?
1730154
In base 15, what is c + 57cb0?
57cbc
In base 4, what is -120 + -12023111101?
-12023111221
In base 3, what is -20 + -101122020221212110?
-101122020221212200
In base 12, what is 3840a9 + 1?
3840aa
In base 3, what is 220202 - -21222102102?
22000100011
In base 6, what is 2522510 - 14?
2522452
In base 12, what is 58 + 2108126?
2108182
In base 7, what is 145036 - -301?
145340
In base 12, what is -47942a95 - 1?
-47942a96
In base 10, what is -271 - -41670?
41399
In base 10, what is -33935 + -1617?
-35552
In base 10, what is 40839724 + 5?
40839729
In base 12, what is -1096b184 - 3?
-1096b187
In base 13, what is 0 - 4790b?
-4790b
In base 12, what is 6a4ab - -84?
6a573
In base 8, what is 11 - 114?
-103
In base 8, what is -156577221 - 6?
-156577227
In base 8, what is -127166244 + -5?
-127166251
In base 8, what is 460253 - 13?
460240
In base 8, what is -3431 + -1724?
-5355
In base 13, what is 7540a - -8b?
75498
In base 3, what is 1122122 + 112101220?
121001112
In base 3, what is 10101 + 20110011210?
20110022011
In base 7, what is -611 + -3630412?
-3631323
In base 4, what is -20033300000 - 331?
-20033300331
In base 15, what is -441 + dbe?
97d
In base 5, what is 113014 + -210142?
-42123
In base 4, what is -3 + 2311102233?
2311102230
In base 5, what is 40044342 - 124?
40044213
In base 3, what is 1211 + 10112110001221?
10112110010202
In base 15, what is -348 + -4b0?
-808
In base 4, what is -130331 + -21333210?
-22130201
In base 15, what is 342a3 - -3?
342a6
In base 9, what is 834 + -267841?
-267006
In base 5, what is -241443012144 + -3?
-241443012202
In base 3, what